t common factor of 312385 and 5?
5
What is the highest common factor of 111020 and 20?
20
What is the greatest common divisor of 1512 and 2273796?
252
Calculate the greatest common factor of 225030 and 2080.
130
What is the highest common factor of 2495 and 7984?
499
What is the greatest common divisor of 248570 and 98?
14
Calculate the greatest common divisor of 7119 and 30681.
63
What is the greatest common factor of 30128 and 6994?
538
Calculate the greatest common factor of 21966 and 1281.
21
What is the highest common divisor of 478 and 2013814?
478
What is the greatest common divisor of 976 and 4016?
16
Calculate the highest common divisor of 78 and 315822.
78
Calculate the greatest common factor of 657 and 18.
9
Calculate the greatest common divisor of 238518 and 2016.
126
Calculate the highest common divisor of 162 and 2532141.
81
Calculate the greatest common factor of 132 and 1966404.
132
Calculate the greatest common factor of 1638 and 4329.
117
Calculate the greatest common factor of 1834598 and 6730.
1346
What is the highest common factor of 106971 and 3801?
543
What is the highest common factor of 390276 and 1332?
1332
Calculate the highest common factor of 745024 and 128.
64
Calculate the highest common divisor of 65910 and 101790.
390
Calculate the greatest common factor of 2490 and 21248.
166
Calculate the greatest common divisor of 13 and 191399.
13
What is the greatest common factor of 42 and 21140?
14
What is the highest common divisor of 116125 and 2375?
125
What is the highest common divisor of 47 and 39057?
47
What is the greatest common divisor of 660911 and 778?
389
What is the greatest common factor of 29052 and 8608?
1076
What is the greatest common divisor of 225168 and 48?
48
Calculate the highest common factor of 156 and 73671.
39
Calculate the highest common factor of 918 and 82134.
54
What is the greatest common divisor of 24158 and 5654?
514
Calculate the highest common factor of 102169 and 5756.
1439
Calculate the highest common factor of 148111 and 74.
37
What is the highest common factor of 3472 and 300824?
248
Calculate the greatest common factor of 16241 and 109.
109
Calculate the greatest common divisor of 1310121 and 27.
27
What is the highest common divisor of 366567 and 327?
327
Calculate the highest common divisor of 25 and 97650.
25
Calculate the greatest common divisor of 591 and 1825599.
591
Calculate the highest common factor of 398258 and 28.
14
What is the highest common factor of 16 and 2333?
1
What is the greatest common divisor of 17 and 10592258?
17
What is the highest common factor of 7381 and 2178?
121
Calculate the greatest common divisor of 7774 and 8450.
338
Calculate the highest common factor of 884 and 24726.
26
What is the greatest common factor of 343 and 4726883?
343
Calculate the highest common factor of 1632 and 9952.
32
What is the greatest common divisor of 3726 and 50382?
162
Calculate the greatest common divisor of 7602 and 714.
42
Calculate the highest common divisor of 1298 and 1062.
118
Calculate the highest common divisor of 494 and 12350.
494
What is the highest common divisor of 7 and 550151?
7
Calculate the greatest common divisor of 598 and 4094.
46
What is the highest common divisor of 6 and 20421?
3
Calculate the greatest common divisor of 468 and 63306.
18
Calculate the highest common divisor of 3689 and 61761.
119
What is the greatest common divisor of 5561 and 27?
1
What is the highest common divisor of 363904 and 80?
16
What is the greatest common divisor of 4489 and 2144?
67
Calculate the highest common factor of 234064 and 16.
16
Calculate the highest common factor of 12 and 57396.
12
What is the highest common divisor of 1120 and 278?
2
Calculate the highest common divisor of 120884 and 2068.
188
What is the greatest common factor of 1160848 and 208?
208
What is the highest common factor of 1304 and 1228042?
326
What is the highest common divisor of 19789 and 176?
11
What is the highest common factor of 23417 and 11?
1
What is the greatest common divisor of 2233 and 3157?
77
Calculate the highest common divisor of 54283 and 589.
19
Calculate the greatest common divisor of 11121 and 3531.
33
Calculate the greatest common factor of 686 and 88690.
98
What is the highest common divisor of 2920 and 192?
8
Calculate the highest common factor of 744608 and 672.
32
What is the greatest common factor of 126 and 135261?
63
Calculate the greatest common divisor of 587037 and 627.
33
What is the greatest common divisor of 4214 and 4730?
86
What is the highest common divisor of 44093 and 119?
7
Calculate the highest common divisor of 1510790 and 136.
34
What is the greatest common divisor of 1368 and 2861856?
1368
What is the greatest common divisor of 116376 and 36?
12
What is the greatest common divisor of 64 and 107680?
32
Calculate the greatest common factor of 1421 and 18937.
29
What is the highest common divisor of 5880 and 520?
40
What is the highest common factor of 5925 and 316?
79
What is the highest common factor of 417390 and 30?
30
What is the highest common factor of 4 and 118704?
4
Calculate the greatest common divisor of 111 and 1933509.
111
Calculate the highest common factor of 54 and 196.
2
What is the highest common divisor of 270692 and 496?
124
What is the highest common factor of 16 and 1485056?
16
Calculate the greatest common divisor of 35 and 1050245.
35
What is the greatest common divisor of 515476 and 3588?
1196
Calculate the highest common divisor of 21207043 and 143.
143
Calculate the highest common factor of 7868 and 868.
28
Calculate the highest common factor of 2449 and 21886.
31
Calculate the highest common divisor of 6324 and 4092.
372
Calculate the greatest common divisor of 955 and 12988.
191
Calculate the greatest common factor of 186189 and 159.
159
Calculate the greatest common divisor of 182 and 6139.
7
Calculate the greatest common divisor of 125668 and 356.
356
What is the greatest common divisor of 79213 and 4633?
113
What is the greatest common divisor of 93 and 22368?
3
Calculate the highest common divisor of 112 and 40040.
56
What is the greatest common divisor of 11102 and 71309?
427
Calculate the greatest common divisor of 37884 and 118272.
924
What is the highest common divisor of 29880 and 1320?
120
Calculate the greatest common factor of 182150 and 225.
25
What is the highest common divisor of 434 and 37138?
62
What is the greatest common factor of 23 and 113413?
23
What is the highest common factor of 32 and 27856?
16
Calculate the greatest common divisor of 424901 and 53.
53
Calculate the highest common factor of 709146 and 54.
18
Calculate the greatest common divisor of 512 and 434.
2
Calculate the greatest common divisor of 4 and 32168.
4
Calculate the highest common divisor of 266 and 209.
19
What is the highest common factor of 30648 and 84?
12
What is the greatest common divisor of 354 and 1046778?
354
Calculate the greatest common factor of 219 and 174543.
219
Calculate the greatest common factor of 606547 and 409.
409
What is the greatest common factor of 688 and 2754064?
688
What is the highest common divisor of 818 and 22?
2
What is the highest common divisor of 27 and 1879?
1
What is the greatest common factor of 45 and 22045?
5
Calculate the highest common factor of 34526 and 22640.
566
What is the highest common factor of 15147 and 216?
27
Calculate the highest common factor of 148807 and 335.
67
Calculate the greatest common factor of 182830 and 1175.
235
Calculate the greatest common divisor of 122655 and 221.
221
Calculate the greatest common factor of 34 and 223142.
34
Calculate the greatest common divisor of 84575 and 100.
25
Calculate the greatest common divisor of 8409 and 6186221.
2803
What is the highest common factor of 252 and 592452?
252
What is the greatest common factor of 51 and 33167?
17
What is the greatest common factor of 1018 and 1576373?
509
Calculate the greatest common divisor of 124 and 3571262.
62
What is the highest common divisor of 294 and 222362?
98
Calculate the highest common factor of 416 and 4460560.
208
What is the greatest common factor of 4160 and 17056?
416
Calculate the greatest common divisor of 3443452 and 68.
68
Calculate the highest common factor of 123 and 228